+ -14?
-15
Calculate 18 + -84 + (0 - (-23 + -18 + 32)).
-57
Calculate (-74 - (-152 + 13)) + 16.
81
Evaluate -8 + 2 - (-18 - (-7 - -11) - -12) - 19.
-15
Calculate (11 - 60) + 94 - -5.
50
What is the value of -1 + 3 + 5 - (6579 + -6573)?
1
What is 387 + -427 - (-1 - 98) - 40?
19
Calculate (-19 - (-2 + 9 + -5)) + -46 + 39.
-28
(-29 + (-7 + -1 - -21) - -19) + 2 + 93
98
What is 3 + -50 + 15 + (-48 - -16)?
-64
(-24 - 6) + (24 - 21 - -41)
14
Calculate -41 + -43 + (19 - (-44 - -30)).
-51
What is the value of (-9 - -25) + (26 - 1)?
41
Calculate 48 - (66 + -15) - (1 - -44 - (-1 + 1)).
-48
Calculate 12 + (4 + -5 - -16) + (-150 - -123).
0
What is the value of 7 - (-5 + 9) - (52 + -2 + (-3 - -11))?
-55
Calculate 3 - (-8 + 2) - 10 - (51 - 7).
-45
What is 2 + (-11 - (-3 - -8)) - (86 - 59)?
-41
What is the value of 30 - (-34 - -50) - -8?
22
What is -3 + (-3 - 3 - 5) + (31 - 66 - -35)?
-14
What is the value of -18 + (41 - 23) - (-9 - (6 - 5))?
10
36 + (8 - 24 - -17) + -14 + 0
23
Evaluate 7 - ((-10 - 57 - (-69 + 76)) + (-2 - 4)).
87
What is the value of -19 - 1 - (8 - -16)?
-44
What is the value of (16 - -51) + (-6 - (2 + 0)) + 21?
80
What is (-957 - -934) + (7 - 2 - 43)?
-61
Evaluate (-44 - (-47 - -61)) + 46.
-12
What is -2 - -11 - ((55 - 37) + (-15 - -7)) - -36?
35
23 - 8 - (-88 + 142)
-39
(-85 - -87 - (4 + 0 + -9)) + 2
9
What is the value of (14 - (-43 + 2 + 28)) + -2?
25
Calculate -21 + (12 - -5) + -8 - (0 - -6 - -15).
-33
108 + 94 + -223 + 79 + -2
56
Calculate (-136 - -133) + (20 - 2) + -1.
14
(-28 - -18 - -31 - 36 - -9) + -24
-30
Calculate (-35 - 7) + -28 + 46 - 19.
-43
Calculate (262 - 260) + (1 - 3) + 5 - -96.
101
(15 - (22 + (25 - 14 - 15))) + (2 - 12)
-13
-48 + 65 - (-26 + -19)
62
What is the value of -5 + (69 + -84 - ((-4 - -50) + 2))?
-68
What is the value of 27 - (12 + 1 + 1020 + -936)?
-70
Evaluate 19 + 7 - (-34 - -58).
2
What is -8 - (3 + 59 - (-33 - (-15 + 34 - 38)))?
-84
What is -148 - -147 - (-8 + -1) - 31?
-23
What is the value of 4 + (2 - -4) - (1087 - 1116)?
39
Calculate 8271 + -8230 - ((-1 - -1 - 6) + -2).
49
Evaluate (-19 - -24) + 11 - -57 - -21.
94
Calculate -36 + 43 - 29 - -10.
-12
(7 - 3) + -42 + -8 + -6 + 16
-36
Evaluate 2418 - 2437 - (-30 - 0).
11
(258 - 247) + (-27 - -7)
-9
What is 41 - (2 - -33 - 2) - -4?
12
Calculate (100 - 91) + (2 + -2 - 6) + (-110 - -13).
-94
-24 + (-22 - -18 - -6)
-22
Calculate 290 - 266 - (-1 - -15).
10
Evaluate (-3 - -14) + -126 + (-7 + 3 - -4).
-115
What is the value of (2 + -2 - (25 + 51) - -8 - -9) + -5?
-64
35 - (-2 + -15 + (-155 - -171) - -16)
20
2094 + -2038 + (0 - 109)
-53
What is the value of 37 + (-49 - -60) + 36?
84
Evaluate -1 + 0 + 0 + -66 + -156 + 223 + -60.
-60
What is the value of 0 + 10 + (-4 + (-17 - -8) - -26) + -21?
2
What is the value of (-104 - -142) + (-38 - 16)?
-16
-35 + 60 - (0 - (-6 - (6 + -12 + -2)))
27
(23 - (55 - 20)) + (2 - -12) + 23
25
Calculate 1 - -5 - (15 + -55 + 64).
-18
What is the value of 72 - (40 + 23 + -41)?
50
Evaluate (52 + 104 - 119) + -54.
-17
What is the value of 63 + -7 - 42 - 129?
-115
What is the value of 15 - -3 - ((-8 - -15 - 3) + 6)?
8
What is the value of (3 - 0) + -2 + 20 + -12 + (-5 - 8)?
-4
Evaluate 64 - (-43 - -94 - 35).
48
(-41 - -24) + -22 + (4 - -2) + -7
-40
Evaluate 410 + -437 + (-13 - (5 + -11)).
-34
What is the value of -10 + (-8 - (-31 - -44 - -7))?
-38
-48 + 49 + -36 + -3
-38
What is 98 - 139 - (31 + -45 + 26 + -2)?
-51
What is the value of -1 + (1 - -33) - 2 - (13 - -169 - 186)?
35
Evaluate (104 - (9 + (-1 - -36))) + -1 + (0 - 6).
53
-65 - (-23 - -12) - -14
-40
-13 - (7 + -6 - (-23 + 4))
-33
Evaluate 67 + (-30 - 52) - (1 - 19).
3
1046 + -912 + 11 + -37
108
33 + (11 - (-19 - (-5 + -9 + -6)))
43
What is the value of (-9 - 3) + (17 - (10 - -4) - -8) - -30?
29
What is the value of 55 + 3 - 57 - ((-41 - -1) + 0 + -1)?
42
-2 - (10 - -2) - (-621 - -629)
-22
What is 154 + -240 + 109 - (-14 - 0)?
37
(44 + -52 + 10 - (-10 + -1)) + -13
0
What is the value of 10262 + -10280 - (56 - (3 - 1))?
-72
Calculate 21 + -32 - ((48 - 1) + (-38 - (-46 - -19))).
-47
Calculate 15 - (6 - (12 - (3 + -13 + 13))).
18
Evaluate 1 + (-3 - 6) + 26 - 40.
-22
7 + 52 + -22 + 7
44
Calculate -17 + -1409 + 1387 + (27 - 1).
-13
What is the value of 30 + 0 + (37 + -13 - 17) + (-14 - -15)?
38
What is the value of 707 - 745 - (7 + -7)?
-38
What is (-6 + -1 + 10 - 12) + (-19 - -27)?
-1
What is the value of 7 - 2 - (-33 + (-13 - -10 - -27 - 16))?
30
Calculate (-100 - -47 - -93) + -16.
24
Evaluate 7 + 56 + (11 + (6 - 13) - 7).
60
What is the value of 31 - (-52 - (-215 + 92))?
-40
8 + (6 + -3 - -9 - -6 - -9)
35
What is the value of 12 - 1 - -111 - (14 + (1 - 25)) - 6?
126
What is -99 + 24 + 100 + 27?
52
Calculate 22 + -24 + -32 + 48.
14
Evaluate 33 - (11 + (14 - -14) + -57).
51
(-958 - -763) + -14 + 170
-39
What is 7 - (-15 + (19 - -27) + -16)?
-8
23 + (12 - 116 - (-16 - -29))
-94
What is (-40 - -8) + -6 - (-106 - -116 - (1 + 6))?
-41
Calculate ((26 - -8) + -4 + -14 - 44) + -1.
-29
What is the value of -8 - (20 + 13) - (-30 - -17 - -28)?
-56
Evaluate (2 + -2 - 28) + (-1 - -1 - (-8 - -1)).
-21
Evaluate (7 - 21) + -23 + 33 + 10 - 54.
-48
What is -34 + 8 + 42 + -58?
-42
-62 + (16 - -45) + (2 + -1 - 27)
-27
What is the value of 2 + (15 - (-1 + 26)) + 44 + -4?
32
What is the value of 3150 + -3145 + (0 - (36 - -1))?
-32
2 + 20 + -6 + -28 + (-88 - -62)
-38
What is the value of -26 + -20 + (54 - 58) + 0 + 20?
-30
What is (4 - (44 + -3 - 16) - -19) + -80?
-82
What is -15 + 48 + -42 + -141 + 29?
-121
35 + 3 + (-91 - -97) + 2
46
-25 + 16 + -2 + 49 + -45 - 69
-76
(0 + -22 - -5) + -3 + 34
14
What is 8 - 0 - ((7 - 6) + -34)?
41
What is the value of -49 + 2 + 10 + (111 - 78)?
-4
-9 + (3 - 1 - (8 - (-1 - -72)))
56
What is (7 - 23 - -11) + (-20 - -37)?
12
(-7 - (9 + (29 - 53))) + 1 + -11 - 53
-55
What is the value of -1 - ((2 - 10) + (17 - (-3 + 17))) - 54?
-50
What is (25 - 1) + (-18 - -18) + (0 - -106)?
130
What is the value of -1 + -69 + 0 + -175 + (38 - -153)?
-54
What is the value of 7 - (9 - 2) - (-10 - -10) - (-6 - 22)?
28
What is (17 - (10 + -3)) + (-28 - -7) - -55?
44
-106 - ((-106 - -97) + 6 + 8 + -4 + -2)
-105
What is the value of 9 + (162 - 14) + -118?
39
-492 - -548 - (-3 - -41)
18
What is -171 - -69 - -33 - -124?
55
What is the value of -414 + 390 + (3 - (-78 - 1))?
58
-92 - (-13 + (-28 - -11) - -24)
-86
What is the value of -38 - (-76 - (-17 + -10))?
11
Calculate 17 + -39 - (-42 + 19).
1
What is (-4 - (5 + 1)) + 31 + (-2 - 18)?
1
13 - (3 + (-28 - -16 - (3 + -2)))
23
What is (-70 - ((-6 - -10) + -4) - 5) + -2?
-77
Calculate (-52 + -4 - -2) + (-36 - (8 - 41)).
-57
Calculate -15 - -45 - 5 - 5.
20
What is -57 - (18 - (61 - 35))?
-49
Calculate 10868 + -10811 - (0 - -3 - (0 - 0)).
54
Evaluate 7 - (57 + -50) - (-1 - 23).
24
What is -52 - ((-11 - 1) + 3 + (14 - (-36 - -33)))?
-60
What is the value of (85 - 14 - 61) + (24 - 1)?
33
What is -41 + 76 + -36 + (0 - 3) + (31 - -2)?
29
333 + -296 - (-7 + (10 - -6))
28
Evaluate 24 + (9 - -26) + -43.
16
Calculate 58 + 10 + -2 + (-6 + -4 - -9 - 4).
61
What is (16 - 9) + -9 + 3 + (7 - 4) + 91?
95
0 - 10 - 12 - -16 - (-28 + 1)
21
Calculate 91 + (-40 - -21) + 0 + -6 + 7.
73
Evaluate 57 - 39 - 18 - -62.
62
What is (2136 - 2106) + (-45 - -5)?
-10
What is -9 - (-53 - 0 - -94)?
-50
-24 + (223 - 47) + -60
92
Evaluate -61 - (505 - 479 - (47 + 1)).
-39
Calculate -43 + (74 - 30) + (0 - -3) + 38.
42
Calculate -4 + (-8 - (1 - 10) - 10 - (-15 + -46)).
48
What is the value of (279 - 304) + (7 - -60)?
42
(-841 - -955) + (2 + 0 - 25)
91
Calculate 654 - 681 - (0 - -14 - 1).
-40
Calculate -22 - 80 - (-773 - -799).
-128
101 + 12 + 98 + -186
25
What is the value of -9 - (-12 + 6 + -4) - 20?
-19
What is 4 - (-88 - (1 + -4 - (-14 + 24))) - 13?
66
Evaluate -48 - 12 - -96 - 63.
-27
What is -1 + -5 + 68 + -54 - -3?
11
What is -37 + 31 - (-4 + 2 + 5 + (-117 - 6))?
114
-1 - 11 - (2 + 5 + -21) - -42
44
Evaluate (-11 + 32 + -16 - 17) + 2 - -1.
-9
Evaluate 0 + 38 - (-2694 - -2672).
60
What is 10 - (11 + 1 + -1 + (35 - (22 - 11)))?
-25
(2 - -1) + (-88 - -23 - -14) + -80
-128
Evaluate -1 + (0 - 2 - 3) - (260 - 328 - -25).
37
Evaluate 34 + 71 + -102 + 2 + (-1 - -3) - -15.
22
What is the value of -110 - -121 - (-18 + 2 + -1)?
28
What is -127 + 120 - (1 + 19)?
-27
Evaluate 2 + 19 - (-45 + 55)